= y - 383, -304 = f*n - s*n - 2*y. What is the units digit of n?
7
Let p = 110 + -108. Suppose -3*z - 2*c = -210, p*z - 2*c - 145 = -5*c. What is the units digit of z?
8
Suppose -338*q + 343*q = 2295. Suppose c = 6*c + u - q, -277 = -3*c - u. What is the tens digit of c?
9
Let v(s) = -2*s**3 + 3*s**2 - s + 7. Let i be 4 - 5 - ((-10 - -2) + 1). Suppose 36 = -10*c + i. What is the tens digit of v(c)?
9
Let g(q) be the first derivative of q**4/4 + 17*q**3/3 + 3*q**2 - 14*q - 15. Let p be g(-16). Suppose -p + 47 = -11*h. What is the units digit of h?
9
Let w be (-2)/8*-4 - (-8 + 15). Suppose 0 = 2*y + 1783 + 209. What is the tens digit of w/(-14) + y/(-28)?
3
Let t(y) be the third derivative of 29*y**5/10 + y**3/6 - y**2. Suppose 0 = -5*r + b - 1, -5*r - 182 + 185 = -2*b. What is the tens digit of t(r)?
7
Suppose 14*d = 46967 + 24041. What is the thousands digit of d?
5
Let j(f) = f + 74. Suppose 27 = -3*m - 180. Let h = -69 - m. What is the tens digit of j(h)?
7
What is the units digit of (328/(-20) + 2)/(11484/(-1640) + 7)?
4
Let s(x) = 34*x - 256. Let i be s(8). Suppose f - 2*n = 239, -13*n + i*n + 711 = 3*f. What is the units digit of f?
5
Let w(s) = -8*s**3 + 6*s**2 + 46*s - 14. Let o(v) = -5*v**3 + 3*v**2 + 23*v - 7. Let r(x) = -5*o(x) + 2*w(x). What is the tens digit of r(5)?
4
Suppose 0 = -5*j - z + 11, 3*j + 9*z - 6*z = 9. Let n = 24 - 19. Suppose -n*k - j*i = -753, -2*k + i + 140 = -163. What is the hundreds digit of k?
1
Suppose 20109 - 49404 = -11*o + 59805. What is the hundreds digit of o?
1
Let o(z) = 10*z + 10. Let s be o(-4). Let g = -22 - s. What is the units digit of (4/(-6))/(1 - g/6)?
2
Suppose 5*v + 2*o - 79260 = 0, -215*o = 4*v - 220*o - 63375. What is the thousands digit of v?
5
Let h(g) = g**2 + 7*g + 6. Let b be h(-1). Suppose b = -5*u + 27 - 7. What is the units digit of (5 + 485)*u/10?
6
Let t(a) = -a**2 + 16. Let b(p) = 3*p**2 + p - 47. Let m(k) = -2*b(k) - 7*t(k). Suppose -4*x - 28 = f, 81*f - 78*f = -x - 29. What is the units digit of m(f)?
2
Suppose -94978 = -136*q + 123*q. What is the tens digit of q?
0
Let a(f) = 236*f**2 - 1. Let m be a(1). Let d be 2 + (m - -2) + -3. Suppose 5*o = 94 + d. What is the tens digit of o?
6
Let a = 152 - 75. Let n = a - 54. Suppose 0*b + n = b. What is the tens digit of b?
2
Let x(d) = 2555*d**2 - 127*d + 259. What is the thousands digit of x(2)?
0
Suppose 24*w + 3*w = -48951. What is the units digit of (-33)/55 - w/5?
2
Let z = -5689 + 56945. What is the thousands digit of z?
1
Let h(a) = 3*a - 3. Let g be h(3). Suppose -g*n + 11 + 1 = 0. Suppose -n*f + 30 = p, 2*f = -4*p + 6*f + 120. What is the units digit of p?
0
Let y(w) = w**3 - 3*w**2 - 2*w - 5. Let p be y(4). Suppose 5*x + 163 = 4*b + 1940, -5*x - p*b + 1791 = 0. What is the hundreds digit of x?
3
Suppose -4*y + 1169 = 93. Let w = y - 31. What is the units digit of w?
8
Suppose -88*h - 4326 = -94*h. Let s = -435 + h. What is the units digit of s?
6
Suppose p - 11 = -2*y, -5*y + 8*y - 2*p = 13. Suppose -3*f = -2*v - 3, 3*v - y*f = -2*v + 5. What is the units digit of v?
6
Suppose 5*z - 44658 = 11*q - 7*q, 8940 = z - 2*q. What is the units digit of z?
6
Let h(n) = 2*n**3 + 4*n**2 + 10*n - 17. Let c(a) = -a**3 - 18*a**2 - 4*a - 66. Let j be c(-18). What is the hundreds digit of h(j)?
6
Suppose 4*u = 3*c + 1347 + 53565, 4*c = 3*c. What is the units digit of u?
8
Suppose 0 = 4*t + 4*r + 20, 6*t - r = 2*t - 5. What is the hundreds digit of ((25116/(-63))/((-2)/(-6)))/t?
5
Suppose -33158 = -13*a + 42372. Let i = a + -4098. What is the hundreds digit of i?
7
Suppose 3*g + 256 = -5*d, -g = 2*g + 4*d + 260. Let z = g + -133. Let q = z + 406. What is the tens digit of q?
8
Let r be (-4)/(-6) + -6 + 60/(-9). Let j be ((-56)/r + -4)/((-2)/(-48)). What is the hundreds digit of (-8)/j*1 + (-626)/(-4)?
1
Suppose 2*j - 37 = n, -j + 3*n + 0*n = -11. Let t be 2/(24/(-27))*j. What is the tens digit of (-1094)/(-18) + (-10)/t?
6
Let w(z) = z**2 - 10*z - 66. Let j be w(-4). Let a(y) = -y**3 - 12*y**2 - 22*y + 48. What is the tens digit of a(j)?
6
Let l(m) = -86*m + 15. Let y = 112 + -114. What is the units digit of l(y)?
7
Let d = -7087 - -31540. What is the hundreds digit of d?
4
Suppose 2319446 = -42*b - 194*b + 7404774. What is the units digit of b?
8
Suppose -7*b = -0*b + 623. Let g = -60 - b. Suppose g*r - 22*r - 224 = 0. What is the units digit of r?
2
Let r = 501 + -361. What is the hundreds digit of r/42*(-228)/(-1)?
7
Let y(i) = -2*i + 19. Let p be y(6). Let a be 6/(-21) + (111/p)/3. Suppose -a*o + 350 = -5*b, -5*o = -o - 2*b - 286. What is the units digit of o?
3
Suppose 0 = -3*z - 5*p + 31 + 3, 5*z = -2*p + 25. Suppose -8*t + z*g = -3*t + 6, 6 = -t + 3*g. Suppose t = -76*h + 77*h - 135. What is the units digit of h?
5
Let b(c) = 82*c + 1. Suppose 0 = -4*n + 21 - 1. Suppose n*t + 29 = 34. What is the tens digit of b(t)?
8
Let n(z) = 1499*z**2 + 8*z + 9. Let w be n(-1). Suppose 0 = -3*f + 2*h - 359 + w, 3*h - 395 = -f. What is the tens digit of f?
8
Let t(p) be the second derivative of -p**5/20 + 4*p**4/3 - 10*p**3/3 - 13*p**2 + 18*p. What is the tens digit of t(11)?
5
Let j(k) = k + 6. Let q be j(6). What is the hundreds digit of ((-1422)/q)/((-15)/40)?
3
Suppose 290*c + 341415 = 287*c. What is the units digit of c/(-85) - (-2)/17?
9
Let r(p) = -1502*p - 5757. What is the units digit of r(-6)?
5
Suppose 0 = m - 5*m - 30*s + 17816, -5*m + 5*s = -22270. What is the thousands digit of m?
4
Suppose -18*f = -60*f + 20*f + 63888. What is the thousands digit of f?
2
Suppose 3*s - 362 - 1063 = 0. Let y be (0 - 2)*(-442)/52. Suppose y*a = 12*a + s. What is the units digit of a?
5
Let j(p) = -828*p - 9. Let t be j(-3). Suppose 4*s - 8*s - 3*g = -3305, 0 = -3*s - g + t. What is the tens digit of s?
2
Let t(q) be the first derivative of -q**4/4 - 5*q**3/3 - 3. Let i be t(-5). Suppose i = -0*y + 12*y - 756. What is the tens digit of y?
6
Let q = 818 + -822. What is the hundreds digit of q - (-2 + -46*9)?
4
What is the thousands digit of 4/(-1) + 3 + -2 - (-89438 + -12)?
9
Suppose 3*p + 142 = -242. Let o = p - -131. Suppose c - 157 = o*t - 53, -4*c - 5*t = -399. What is the tens digit of c?
0
Let h(v) = v**3 - 11*v**2 + 19*v + 8. Let k be h(10). Suppose 4*q + 144 = -4*x, -q + 2*x = 2*q + 83. Let g = q + k. What is the tens digit of g?
6
Let n(i) = -40*i + 5. Let o be n(-2). Let z = o - 131. Let b = z + 52. What is the units digit of b?
6
Let x be (21/((-441)/560))/(4/(-30)). Let f = x + 142. What is the hundreds digit of f?
3
Suppose 2*t = -5*r + 19, -4*t + 2*r - r = -5. Suppose 5*b = 5*w + 1160, 3*b + 5*w = t*w + 708. What is the units digit of b?
4
Suppose 37*g - 37805 = 4042. What is the hundreds digit of g?
1
Suppose r - 36 = -5*r. Suppose -2850 = -r*b + 8328. Suppose 5*v = -4*v + b. What is the hundreds digit of v?
2
What is the tens digit of (32/40)/((-36)/(-14610))*9?
2
Suppose 5603*c = 5637*c - 1032138. What is the thousands digit of c?
0
Let m = -21 + 23. What is the units digit of (-407)/(-5) - m/40*8?
1
Let b(k) = 142*k - 208. Let j(c) = 3*c - 1. Let i(d) = b(d) - 10*j(d). What is the thousands digit of i(13)?
1
Let i(g) = 7*g**2 - 17 + g - 4*g**2 - 10*g**3 + 13*g**3. What is the tens digit of i(5)?
3
Let b = 2184 + -1257. Let o = b - 475. What is the tens digit of o?
5
Let l = 63 - 60. Suppose l*o + 0*o + 108 = -2*h, -3*o - 126 = -4*h. Let q = o + 219. What is the units digit of q?
1
Let q(i) = -i - 2. Let f be q(2). Let x(v) = 11*v**2 - 4*v. Let s be x(f). Suppose 10*u - s = 188. What is the tens digit of u?
3
Let n be (-33608)/12*18/(-12). Suppose 4667 + n = 12*u. What is the units digit of u?
9
Let o(p) be the second derivative of p**4/12 + 2*p**3 + 14*p**2 - 3*p + 1. What is the units digit of o(-15)?
3
Suppose 148578 + 110534 = -39*j + 47*j. What is the units digit of j?
9
Let y(i) = -i**3 + 27*i**2 - 47*i + 116. What is the hundreds digit of y(22)?
5
Let j(w) = -16*w**3 + 27*w**2 + 3*w. What is the thousands digit of j(-6)?
4
Let c be 36/(-6) + 3111 + 0. Suppose -4*t + 2483 = 3*z, 27*z = -5*t + 22*z + c. What is the units digit of t?
0
Suppose 19*q + 2228 = -9*q + 7016. What is the tens digit of q?
7
Suppose 0 = -r + 2*r + 425. Let u be (3 - r/(-15))/((-2)/21). Let a = u + -27. What is the units digit of a?
9
Suppose -2*r - 1509 